{"id":335,"date":"2024-04-25T22:51:16","date_gmt":"2024-04-25T22:51:16","guid":{"rendered":"https:\/\/www.drome-accueil-solidaire.org\/?page_id=335"},"modified":"2024-06-05T09:49:09","modified_gmt":"2024-06-05T09:49:09","slug":"solidarloc-documents-presse","status":"publish","type":"page","link":"https:\/\/www.drome-accueil-solidaire.org\/?page_id=335","title":{"rendered":"Communication : presse, les AG"},"content":{"rendered":"\n<div class=\"wp-block-media-text has-media-on-the-right is-stacked-on-mobile\" style=\"grid-template-columns:auto 15%\"><div class=\"wp-block-media-text__content\">\n<p><\/p>\n<\/div><figure class=\"wp-block-media-text__media\"><a href=\"https:\/\/www.drome-accueil-solidaire.org\/?page_id=323\" target=\"_blank\" rel=\"noreferrer noopener\"><img loading=\"lazy\" decoding=\"async\" width=\"282\" height=\"253\" src=\"https:\/\/www.drome-accueil-solidaire.org\/wp-content\/uploads\/2024\/05\/Solidarloc-accueil.png\" alt=\"\" class=\"wp-image-559 size-full\"\/><\/a><\/figure><\/div>\n\n\n\n<div class=\"wp-block-group is-layout-constrained wp-block-group-is-layout-constrained\">\n<p>28 mars 2024 : le don du Rotary aux associations de la vall\u00e9e de la Dr\u00f4me<\/p>\n\n\n\n<div class=\"wp-block-group is-nowrap is-layout-flex wp-container-core-group-is-layout-6c531013 wp-block-group-is-layout-flex\">\n<p class=\"has-text-align-left has-primary-color has-text-color has-link-color has-tiny-font-size wp-elements-a099fb89ca0be4c59c0deeb35e1f7b2c wp-container-content-f22b2ade\">Le Rotary Club de Crest-vall\u00e9e de Dr\u00f4me a accord\u00e9 une aide de 500\u20ac \u00e0 Solidarloc, suite au dossier d\u00e9pos\u00e9 en novembre 2023. La petite r\u00e9ception \u00e0 l&rsquo;occasion de la remise de ce ch\u00e8que a \u00e9t\u00e9 l&rsquo;occasion de pr\u00e9senter et faire conna\u00eetre l&rsquo;action de Solidarloc aux membres de cette association.<\/p>\n\n\n\n<p class=\"has-text-align-left has-primary-color has-text-color has-link-color has-tiny-font-size wp-elements-67f8695e14713622c029c0a0e80ad602\"><a href=\"https:\/\/www.drome-accueil-solidaire.org\/wp-content\/uploads\/2024\/04\/Solidarloc-2024-03-28-Article-Rotary.pdf\">article du Dauphine<\/a><br>du 28 mars 2024<\/p>\n<\/div>\n\n\n\n<p>23 f\u00e9vrier 2024 : L&rsquo;activit\u00e9 de l&rsquo;association en question<\/p>\n\n\n\n<div class=\"wp-block-group is-nowrap is-layout-flex wp-container-core-group-is-layout-6c531013 wp-block-group-is-layout-flex\">\n<p class=\"has-text-align-right has-primary-color has-text-color has-link-color has-tiny-font-size wp-elements-bed5568c98ce781ef751c4bd9dad3390\">L&rsquo;appel \u00e0 b\u00e9n\u00e9voles dans un <a href=\"https:\/\/le-crestois.fr\/index.php\/journal-le-crestois\/actus\/7672-solidarloc-en-recherche-urgente-de-benevoles\" target=\"_blank\" rel=\"noreferrer noopener\">article Le Crestoi<em>s<\/em><\/a><em> <\/em><\/p>\n<\/div>\n<\/div>\n\n\n\n<p>15 f\u00e9vrier 2024 &#8211; Une Assembl\u00e9e G\u00e9n\u00e9rale sous le signe de l&rsquo;appel aux b\u00e9n\u00e9voles<\/p>\n\n\n\n<div class=\"wp-block-group is-layout-constrained wp-block-group-is-layout-constrained\">\n<p class=\"has-text-align-left has-primary-color has-text-color has-link-color has-tiny-font-size wp-elements-8b4361f35a9e91a17e71b6b9876b173e\">L&rsquo;Assembl\u00e9e G\u00e9n\u00e9rale a rassembl\u00e9 une trentaine d\u2019adh\u00e9rents et sympathisants. Le tr\u00e9sorier a pr\u00e9sent\u00e9 en d\u00e9tail le bilan de la gestion des diff\u00e9rents logements, ce qui a permis de montrer la charge financi\u00e8re pour Solidarloc lorsque nous accueillons des personnes qui ne peuvent contribuer de fa\u00e7on significatives aux loyers et aux charges. Apr\u00e8s les expos\u00e9s des rapports, vot\u00e9s \u00e0 l&rsquo;unanimit\u00e9, une discussion a \u00e9t\u00e9 engag\u00e9e entre les membres du CA et les participants sur l&rsquo;\u00e9volution de l&rsquo;association. En effet, les personnes accueillies depuis environ un an ont tendance \u00e0 s&rsquo;installer de mani\u00e8re p\u00e9renne et ces situations posent la question de l&rsquo;accueil transitoire.<br>Cliquez ici pour le <a href=\"https:\/\/www.drome-accueil-solidaire.org\/wp-content\/uploads\/2024\/04\/Solidarloc-2024-02-15-CR-AG.pdf\">compte-rendu complet <\/a><\/p>\n\n\n\n<p class=\"has-text-align-right has-primary-color has-text-color has-link-color has-tiny-font-size wp-elements-92dc3f1431a818cb25f38036ab37e924\"><mark style=\"background-color:rgba(0, 0, 0, 0)\" class=\"has-inline-color has-foreground-color\"><mark style=\"background-color:rgba(0, 0, 0, 0)\" class=\"has-inline-color has-foreground-color\"><\/mark><\/mark><\/p>\n<\/div>\n","protected":false},"excerpt":{"rendered":"<p>28 mars 2024 : le don du Rotary aux associations de la vall\u00e9e de la Dr\u00f4me Le Rotary Club de Crest-vall\u00e9e de Dr\u00f4me a accord\u00e9 une aide de 500\u20ac \u00e0 Solidarloc, suite au dossier d\u00e9pos\u00e9 en novembre 2023. La petite r\u00e9ception \u00e0 l&rsquo;occasion de la remise de ce ch\u00e8que a \u00e9t\u00e9 l&rsquo;occasion de pr\u00e9senter et [&hellip;]<\/p>\n","protected":false},"author":8,"featured_media":0,"parent":70,"menu_order":6,"comment_status":"closed","ping_status":"closed","template":"","meta":{"footnotes":""},"class_list":["post-335","page","type-page","status-publish","hentry"],"_links":{"self":[{"href":"https:\/\/www.drome-accueil-solidaire.org\/index.php?rest_route=\/wp\/v2\/pages\/335","targetHints":{"allow":["GET"]}}],"collection":[{"href":"https:\/\/www.drome-accueil-solidaire.org\/index.php?rest_route=\/wp\/v2\/pages"}],"about":[{"href":"https:\/\/www.drome-accueil-solidaire.org\/index.php?rest_route=\/wp\/v2\/types\/page"}],"author":[{"embeddable":true,"href":"https:\/\/www.drome-accueil-solidaire.org\/index.php?rest_route=\/wp\/v2\/users\/8"}],"replies":[{"embeddable":true,"href":"https:\/\/www.drome-accueil-solidaire.org\/index.php?rest_route=%2Fwp%2Fv2%2Fcomments&post=335"}],"version-history":[{"count":19,"href":"https:\/\/www.drome-accueil-solidaire.org\/index.php?rest_route=\/wp\/v2\/pages\/335\/revisions"}],"predecessor-version":[{"id":564,"href":"https:\/\/www.drome-accueil-solidaire.org\/index.php?rest_route=\/wp\/v2\/pages\/335\/revisions\/564"}],"up":[{"embeddable":true,"href":"https:\/\/www.drome-accueil-solidaire.org\/index.php?rest_route=\/wp\/v2\/pages\/70"}],"wp:attachment":[{"href":"https:\/\/www.drome-accueil-solidaire.org\/index.php?rest_route=%2Fwp%2Fv2%2Fmedia&parent=335"}],"curies":[{"name":"wp","href":"https:\/\/api.w.org\/{rel}","templated":true}]}}

<div class="wp-block-media-text has-media-on-the-right is-stacked-on-mobile" style="grid-template-columns:auto 15%"><div class="wp-block-media-text__content">
<p></p>
</div><figure class="wp-block-media-text__media"><a href="https://www.drome-accueil-solidaire.org/?page_id=323" target="_blank" rel="noreferrer noopener"><img loading="lazy" decoding="async" width="282" height="253" src="https://www.drome-accueil-solidaire.org/wp-content/uploads/2024/05/Solidarloc-accueil.png" alt="" class="wp-image-559 size-full"/></a></figure></div>



<div class="wp-block-group is-layout-constrained wp-block-group-is-layout-constrained">
<p>28 mars 2024 : le don du Rotary aux associations de la vallée de la Drôme</p>



<div class="wp-block-group is-nowrap is-layout-flex wp-container-core-group-is-layout-6c531013 wp-block-group-is-layout-flex">
<p class="has-text-align-left has-primary-color has-text-color has-link-color has-tiny-font-size wp-elements-a099fb89ca0be4c59c0deeb35e1f7b2c wp-container-content-f22b2ade">Le Rotary Club de Crest-vallée de Drôme a accordé une aide de 500€ à Solidarloc, suite au dossier déposé en novembre 2023. La petite réception à l&rsquo;occasion de la remise de ce chèque a été l&rsquo;occasion de présenter et faire connaître l&rsquo;action de Solidarloc aux membres de cette association.</p>



<p class="has-text-align-left has-primary-color has-text-color has-link-color has-tiny-font-size wp-elements-67f8695e14713622c029c0a0e80ad602"><a href="https://www.drome-accueil-solidaire.org/wp-content/uploads/2024/04/Solidarloc-2024-03-28-Article-Rotary.pdf">article du Dauphine</a><br>du 28 mars 2024</p>
</div>



<p>23 février 2024 : L&rsquo;activité de l&rsquo;association en question</p>



<div class="wp-block-group is-nowrap is-layout-flex wp-container-core-group-is-layout-6c531013 wp-block-group-is-layout-flex">
<p class="has-text-align-right has-primary-color has-text-color has-link-color has-tiny-font-size wp-elements-bed5568c98ce781ef751c4bd9dad3390">L&rsquo;appel à bénévoles dans un <a href="https://le-crestois.fr/index.php/journal-le-crestois/actus/7672-solidarloc-en-recherche-urgente-de-benevoles" target="_blank" rel="noreferrer noopener">article Le Crestoi<em>s</em></a><em> </em></p>
</div>
</div>



<p>15 février 2024 &#8211; Une Assemblée Générale sous le signe de l&rsquo;appel aux bénévoles</p>



<div class="wp-block-group is-layout-constrained wp-block-group-is-layout-constrained">
<p class="has-text-align-left has-primary-color has-text-color has-link-color has-tiny-font-size wp-elements-8b4361f35a9e91a17e71b6b9876b173e">L&rsquo;Assemblée Générale a rassemblé une trentaine d’adhérents et sympathisants. Le trésorier a présenté en détail le bilan de la gestion des différents logements, ce qui a permis de montrer la charge financière pour Solidarloc lorsque nous accueillons des personnes qui ne peuvent contribuer de façon significatives aux loyers et aux charges. Après les exposés des rapports, votés à l&rsquo;unanimité, une discussion a été engagée entre les membres du CA et les participants sur l&rsquo;évolution de l&rsquo;association. En effet, les personnes accueillies depuis environ un an ont tendance à s&rsquo;installer de manière pérenne et ces situations posent la question de l&rsquo;accueil transitoire.<br>Cliquez ici pour le <a href="https://www.drome-accueil-solidaire.org/wp-content/uploads/2024/04/Solidarloc-2024-02-15-CR-AG.pdf">compte-rendu complet </a></p>



<p class="has-text-align-right has-primary-color has-text-color has-link-color has-tiny-font-size wp-elements-92dc3f1431a818cb25f38036ab37e924"><mark style="background-color:rgba(0, 0, 0, 0)" class="has-inline-color has-foreground-color"><mark style="background-color:rgba(0, 0, 0, 0)" class="has-inline-color has-foreground-color"></mark></mark></p>
</div>

<p>28 mars 2024 : le don du Rotary aux associations de la vallée de la Drôme Le Rotary Club de Crest-vallée de Drôme a accordé une aide de 500€ à Solidarloc, suite au dossier déposé en novembre 2023. La petite réception à l&rsquo;occasion de la remise de ce chèque a été l&rsquo;occasion de présenter et [&hellip;]</p>
